{"id":78,"date":"2020-10-03T11:17:41","date_gmt":"2020-10-03T09:17:41","guid":{"rendered":"https:\/\/clemencearesu.com\/photographie\/?page_id=78"},"modified":"2021-05-03T10:03:41","modified_gmt":"2021-05-03T08:03:41","slug":"contact","status":"publish","type":"page","link":"https:\/\/clemencearesu.com\/photographie\/contact\/","title":{"rendered":"Contact"},"content":{"rendered":"<div  class=\"tatsu-wAE3GMifs tatsu-section  tatsu-bg-overlay   tatsu-clearfix\" data-title=\"\"  data-headerscheme=\"background--dark\"><div class='tatsu-section-pad clearfix' data-padding='{\"d\":\"15% 0px 15% 0px\"}' data-padding-top='15%'><div class=\"tatsu-row-wrap  tatsu-wrap tatsu-row-one-col tatsu-row-has-one-cols tatsu-medium-gutter tatsu-reg-cols  tatsu-clearfix tatsu-7BTsmU6WZ4\" ><div  class=\"tatsu-row \" ><div  class=\"tatsu-column  tatsu-bg-overlay tatsu-one-col tatsu-column-align-middle tatsu-column-image-none tatsu-column-effect-none  tatsu-EjXeKu9JyS\"  data-parallax-speed=\"0\" style=\"\"><div class=\"tatsu-column-inner \" ><div class=\"tatsu-column-pad-wrap\"><div class=\"tatsu-column-pad\" ><div  class=\"tatsu-module tatsu-text-block-wrap tatsu-d5hloGErHL  \"><div class=\"tatsu-text-inner tatsu-align-center  clearfix\" ><style>.tatsu-d5hloGErHL.tatsu-text-block-wrap .tatsu-text-inner{width: 100%;text-align: center;color: rgba(255,255,255,1) ;}.tatsu-d5hloGErHL.tatsu-text-block-wrap{margin: 0px 0px 15px 0px;}.tatsu-d5hloGErHL .tatsu-text-inner *{color: rgba(255,255,255,1) ;}<\/style>\n<h1>CONTACT<\/h1>\n<\/div><\/div><\/div><\/div><div class = \"tatsu-column-bg-image-wrap\"><div class = \"tatsu-column-bg-image\" ><\/div><\/div><div class=\"tatsu-overlay tatsu-column-overlay tatsu-animate-none\" ><\/div><\/div><style>.tatsu-row > .tatsu-EjXeKu9JyS.tatsu-column{width: 100%;}.tatsu-EjXeKu9JyS.tatsu-column > .tatsu-column-inner > .tatsu-column-overlay{mix-blend-mode: normal;}.tatsu-EjXeKu9JyS > .tatsu-column-inner > .tatsu-top-divider{z-index: 9999;}.tatsu-EjXeKu9JyS > .tatsu-column-inner > .tatsu-bottom-divider{z-index: 9999;}.tatsu-EjXeKu9JyS > .tatsu-column-inner > .tatsu-left-divider{z-index: 9999;}.tatsu-EjXeKu9JyS > .tatsu-column-inner > .tatsu-right-divider{z-index: 9999;}@media only screen and (max-width:1377px) {.tatsu-row > .tatsu-EjXeKu9JyS.tatsu-column{width: 100%;}}@media only screen and (min-width:768px) and (max-width: 1024px) {.tatsu-row > .tatsu-EjXeKu9JyS.tatsu-column{width: 100%;}}@media only screen and (max-width: 767px) {.tatsu-row > .tatsu-EjXeKu9JyS.tatsu-column{width: 100%;}}<\/style><\/div><\/div><\/div><\/div><div class=\"tatsu-section-background-wrap\"><div class = \"tatsu-section-background\" ><\/div><\/div><div class=\"tatsu-overlay tatsu-section-overlay\"><\/div><style>.tatsu-wAE3GMifs .tatsu-section-background{background-image: url(https:\/\/clemencearesu.com\/photographie\/wp-content\/uploads\/2020\/10\/tableau-photo-2.jpg);background-repeat: no-repeat;background-attachment: scroll;background-position: center center;background-size: cover;}.tatsu-wAE3GMifs .tatsu-bg-blur{background-repeat: no-repeat;background-attachment: scroll;background-position: center center;background-size: cover;}.tatsu-wAE3GMifs .tatsu-section-pad{padding: 15% 0px 15% 0px;}.tatsu-wAE3GMifs .tatsu-section-offset-wrap{transform: translateY(-0px);}.tatsu-wAE3GMifs > .tatsu-bottom-divider{z-index: 9999;}.tatsu-wAE3GMifs > .tatsu-top-divider{z-index: 9999;}.tatsu-wAE3GMifs .tatsu-section-overlay{background: rgba(83,80,84,0.24);mix-blend-mode: normal;}<\/style><\/div><div  class=\"tatsu-2n9tooMBOZ tatsu-section  tatsu-bg-overlay   tatsu-clearfix\" data-title=\"\"  data-headerscheme=\"background--dark\"><div class='tatsu-section-pad clearfix' data-padding='{\"d\":\"60px 0px 90px 0px\"}' data-padding-top='60px'><div class=\"tatsu-row-wrap  tatsu-wrap tatsu-row-one-col tatsu-row-has-one-cols tatsu-medium-gutter tatsu-reg-cols  tatsu-clearfix tatsu-afys4v_gBo\" ><style>.tatsu-afys4v_gBo.tatsu-row-wrap > .tatsu-row{padding: 0% 20% 0px 20%;}<\/style><div  class=\"tatsu-row \" ><div  class=\"tatsu-column  tatsu-bg-overlay tatsu-one-col tatsu-column-image-none tatsu-column-effect-none  tatsu-q85HUFdWS\"  data-parallax-speed=\"0\" style=\"\"><div class=\"tatsu-column-inner \" ><div class=\"tatsu-column-pad-wrap\"><div class=\"tatsu-column-pad\" ><div  class=\"tatsu-module tatsu-text-block-wrap tatsu-tuPHYLnfe  \"><div class=\"tatsu-text-inner tatsu-align-center  clearfix\" ><style>.tatsu-tuPHYLnfe.tatsu-text-block-wrap .tatsu-text-inner{width: 100%;text-align: center;}.tatsu-tuPHYLnfe.tatsu-text-block-wrap{margin: 0px 0px 10px 0px;}.tatsu-tuPHYLnfe.tatsu-text-block-wrap .tatsu-text-inner *{font-family : \"Butler\",-apple-system,BlinkMacSystemFont,'Segoe UI',Roboto,Oxygen-Sans,Ubuntu,Cantarell,'Helvetica Neue',sans-serif;font-size : 18px;letter-spacing : 1px;}<\/style>\n<p>Contactez-moi pour obtenir plus d\u2019informations ou r\u00e9server une s\u00e9ance.<\/p>\n<\/div><\/div><div  class=\"tatsu-module tatsu-text-block-wrap tatsu-24M2sS98y  \"><div class=\"tatsu-text-inner tatsu-align-center  clearfix\" ><style>.tatsu-24M2sS98y.tatsu-text-block-wrap .tatsu-text-inner{width: 100%;text-align: center;color: rgba(155,209,188,1) ;}.tatsu-24M2sS98y .tatsu-text-inner *{color: rgba(155,209,188,1) ;}<\/style>\n<p><em>\u2014 Pour information, je ne prends pas de stagiaires \u2014<\/em><\/p>\n<\/div><\/div><\/div><\/div><div class = \"tatsu-column-bg-image-wrap\"><div class = \"tatsu-column-bg-image\" ><\/div><\/div><div class=\"tatsu-overlay tatsu-column-overlay tatsu-animate-none\" ><\/div><\/div><style>.tatsu-row > .tatsu-q85HUFdWS.tatsu-column{width: 100%;}.tatsu-q85HUFdWS.tatsu-column > .tatsu-column-inner > .tatsu-column-overlay{mix-blend-mode: normal;}.tatsu-q85HUFdWS > .tatsu-column-inner > .tatsu-top-divider{z-index: 9999;}.tatsu-q85HUFdWS > .tatsu-column-inner > .tatsu-bottom-divider{z-index: 9999;}.tatsu-q85HUFdWS > .tatsu-column-inner > .tatsu-left-divider{z-index: 9999;}.tatsu-q85HUFdWS > .tatsu-column-inner > .tatsu-right-divider{z-index: 9999;}@media only screen and (max-width:1377px) {.tatsu-row > .tatsu-q85HUFdWS.tatsu-column{width: 100%;}}@media only screen and (min-width:768px) and (max-width: 1024px) {.tatsu-row > .tatsu-q85HUFdWS.tatsu-column{width: 100%;}}@media only screen and (max-width: 767px) {.tatsu-row > .tatsu-q85HUFdWS.tatsu-column{width: 100%;}}<\/style><\/div><\/div><\/div><div class=\"tatsu-row-wrap  tatsu-wrap tatsu-row-has-one-half tatsu-row-has-two-cols tatsu-small-gutter tatsu-reg-cols  tatsu-clearfix tatsu-L9VDn4ufiQ\" ><div  class=\"tatsu-row \" ><div  class=\"tatsu-column  tatsu-bg-overlay tatsu-one-half tatsu-column-image-none tatsu-column-effect-none  tatsu-67Ink0Hxu\"  data-parallax-speed=\"0\" style=\"\"><div class=\"tatsu-column-inner \" ><div class=\"tatsu-column-pad-wrap\"><div class=\"tatsu-column-pad\" ><div  class=\"tatsu-module tatsu-text-block-wrap tatsu-bFbgAkhma  \"><div class=\"tatsu-text-inner tatsu-align-center  clearfix\" ><style>.tatsu-bFbgAkhma.tatsu-text-block-wrap .tatsu-text-inner{width: 100%;text-align: left;}<\/style>\n<p>D\u00e9placements possible en Corr\u00e8ze, Haute-Vienne, Dordogne. Les d\u00e9placements au-del\u00e0 de ce p\u00e9rim\u00e8tre n\u00e9cessitent l\u2019<strong>organisation d\u2019une tourn\u00e9e<\/strong>\u00a0regroupant plusieurs s\u00e9ances photos dans le m\u00eame secteur. Contactez-moi si vous souhaitez plus de d\u00e9tails pour organiser une tourn\u00e9e.<\/p>\n<\/div><\/div><div id = \"\" class=\"tatsu-code tatsu-module tatsu-zENhwvMu4   \"  >\n<div class=\"map-responsive\">\n<iframe loading=\"lazy\" src=\"https:\/\/www.google.com\/maps\/d\/embed?mid=1ZWP6HzlE0kZ4v9ppoGWpcs-bVCXtiUBh\" width=\"400\" height=\"500\"><\/iframe><\/div>\n<\/div><\/div><\/div><div class = \"tatsu-column-bg-image-wrap\"><div class = \"tatsu-column-bg-image\" ><\/div><\/div><div class=\"tatsu-overlay tatsu-column-overlay tatsu-animate-none\" ><\/div><\/div><style>.tatsu-row > .tatsu-67Ink0Hxu.tatsu-column{width: 50%;}.tatsu-67Ink0Hxu.tatsu-column > .tatsu-column-inner > .tatsu-column-overlay{mix-blend-mode: normal;}.tatsu-67Ink0Hxu > .tatsu-column-inner > .tatsu-top-divider{z-index: 9999;}.tatsu-67Ink0Hxu > .tatsu-column-inner > .tatsu-bottom-divider{z-index: 9999;}.tatsu-67Ink0Hxu > .tatsu-column-inner > .tatsu-left-divider{z-index: 9999;}.tatsu-67Ink0Hxu > .tatsu-column-inner > .tatsu-right-divider{z-index: 9999;}@media only screen and (max-width:1377px) {.tatsu-row > .tatsu-67Ink0Hxu.tatsu-column{width: 50%;}}@media only screen and (min-width:768px) and (max-width: 1024px) {.tatsu-row > .tatsu-67Ink0Hxu.tatsu-column{width: 50%;}}@media only screen and (max-width: 767px) {.tatsu-row > .tatsu-67Ink0Hxu.tatsu-column{width: 100%;}}<\/style><\/div><div  class=\"tatsu-column  tatsu-bg-overlay tatsu-one-half tatsu-column-image-none tatsu-column-effect-none  tatsu-mieUHwYQ4u\"  data-parallax-speed=\"0\" style=\"\"><div class=\"tatsu-column-inner \" ><div class=\"tatsu-column-pad-wrap\"><div class=\"tatsu-column-pad\" ><div  class=\"tatsu-shortcode-module tatsu-module tatsu-Hy00amTwu   \"  >\n<p><iframe loading=\"lazy\" src=\"https:\/\/www.fotostudio.io\/lead_forms\/3321\" width=\"100%\" height=\"750\" frameborder=\"0\" allowfullscreen=\"allowfullscreen\"><\/iframe><\/p>\n<\/div><\/div><\/div><div class = \"tatsu-column-bg-image-wrap\"><div class = \"tatsu-column-bg-image\" ><\/div><\/div><div class=\"tatsu-overlay tatsu-column-overlay tatsu-animate-none\" ><\/div><\/div><style>.tatsu-row > .tatsu-mieUHwYQ4u.tatsu-column{width: 50%;}.tatsu-mieUHwYQ4u.tatsu-column > .tatsu-column-inner{background-color: rgba(247,245,242,1);}.tatsu-mieUHwYQ4u.tatsu-column > .tatsu-column-inner > .tatsu-column-pad-wrap > .tatsu-column-pad{padding: 30px 30px 30px 30px;}.tatsu-mieUHwYQ4u.tatsu-column > .tatsu-column-inner > .tatsu-column-overlay{mix-blend-mode: normal;}.tatsu-mieUHwYQ4u > .tatsu-column-inner > .tatsu-top-divider{z-index: 9999;}.tatsu-mieUHwYQ4u > .tatsu-column-inner > .tatsu-bottom-divider{z-index: 9999;}.tatsu-mieUHwYQ4u > .tatsu-column-inner > .tatsu-left-divider{z-index: 9999;}.tatsu-mieUHwYQ4u > .tatsu-column-inner > .tatsu-right-divider{z-index: 9999;}@media only screen and (max-width:1377px) {.tatsu-row > .tatsu-mieUHwYQ4u.tatsu-column{width: 50%;}}@media only screen and (min-width:768px) and (max-width: 1024px) {.tatsu-row > .tatsu-mieUHwYQ4u.tatsu-column{width: 50%;}}@media only screen and (max-width: 767px) {.tatsu-row > .tatsu-mieUHwYQ4u.tatsu-column{width: 100%;}}<\/style><\/div><\/div><\/div><\/div><div class=\"tatsu-section-background-wrap\"><div class = \"tatsu-section-background\" ><\/div><\/div><div class=\"tatsu-overlay tatsu-section-overlay\"><\/div><style>.tatsu-2n9tooMBOZ .tatsu-section-pad{padding: 60px 0px 90px 0px;}.tatsu-2n9tooMBOZ .tatsu-section-offset-wrap{transform: translateY(-0px);}.tatsu-2n9tooMBOZ > .tatsu-bottom-divider{z-index: 9999;}.tatsu-2n9tooMBOZ > .tatsu-top-divider{z-index: 9999;}.tatsu-2n9tooMBOZ .tatsu-section-overlay{mix-blend-mode: normal;}<\/style><\/div>\n","protected":false},"excerpt":{"rendered":"<p><a href=\"https:\/\/clemencearesu.com\/photographie\/contact\/\" class=\"more-link style3-button\">Read More<\/a><\/p><a href=\"https:\/\/clemencearesu.com\/photographie\/contact\/\">> Lire la\nsuite<\/a>","protected":false},"author":1,"featured_media":0,"parent":0,"menu_order":0,"comment_status":"closed","ping_status":"closed","template":"","meta":{"footnotes":""},"class_list":["post-78","page","type-page","status-publish","hentry"],"yoast_head":"<!-- This site is optimized with the Yoast SEO plugin v26.0 - https:\/\/yoast.com\/wordpress\/plugins\/seo\/ -->\n<title>Contact - Cl\u00e9mence Aresu photographe<\/title>\n<meta name=\"robots\" content=\"noindex, follow\" \/>\n<meta property=\"og:locale\" content=\"fr_FR\" \/>\n<meta property=\"og:type\" content=\"article\" \/>\n<meta property=\"og:title\" content=\"Contact - Cl\u00e9mence Aresu photographe\" \/>\n<meta property=\"og:url\" content=\"https:\/\/clemencearesu.com\/photographie\/contact\/\" \/>\n<meta property=\"og:site_name\" content=\"Cl\u00e9mence Aresu photographe\" \/>\n<meta property=\"article:publisher\" content=\"https:\/\/www.facebook.com\/clemencearesu.photographe\/\" \/>\n<meta property=\"article:modified_time\" content=\"2021-05-03T08:03:41+00:00\" \/>\n<meta name=\"twitter:card\" content=\"summary_large_image\" \/>\n<meta name=\"twitter:label1\" content=\"Dur\u00e9e de lecture estim\u00e9e\" \/>\n\t<meta name=\"twitter:data1\" content=\"11 minutes\" \/>\n<script type=\"application\/ld+json\" class=\"yoast-schema-graph\">{\"@context\":\"https:\/\/schema.org\",\"@graph\":[{\"@type\":\"WebPage\",\"@id\":\"https:\/\/clemencearesu.com\/photographie\/contact\/\",\"url\":\"https:\/\/clemencearesu.com\/photographie\/contact\/\",\"name\":\"Contact - Cl\u00e9mence Aresu photographe\",\"isPartOf\":{\"@id\":\"https:\/\/clemencearesu.com\/photographie\/#website\"},\"datePublished\":\"2020-10-03T09:17:41+00:00\",\"dateModified\":\"2021-05-03T08:03:41+00:00\",\"breadcrumb\":{\"@id\":\"https:\/\/clemencearesu.com\/photographie\/contact\/#breadcrumb\"},\"inLanguage\":\"fr-FR\",\"potentialAction\":[{\"@type\":\"ReadAction\",\"target\":[\"https:\/\/clemencearesu.com\/photographie\/contact\/\"]}]},{\"@type\":\"BreadcrumbList\",\"@id\":\"https:\/\/clemencearesu.com\/photographie\/contact\/#breadcrumb\",\"itemListElement\":[{\"@type\":\"ListItem\",\"position\":1,\"name\":\"Accueil\",\"item\":\"https:\/\/clemencearesu.com\/photographie\/\"},{\"@type\":\"ListItem\",\"position\":2,\"name\":\"Contact\"}]},{\"@type\":\"WebSite\",\"@id\":\"https:\/\/clemencearesu.com\/photographie\/#website\",\"url\":\"https:\/\/clemencearesu.com\/photographie\/\",\"name\":\"Cl\u00e9mence Aresu photographe\",\"description\":\"\",\"publisher\":{\"@id\":\"https:\/\/clemencearesu.com\/photographie\/#organization\"},\"potentialAction\":[{\"@type\":\"SearchAction\",\"target\":{\"@type\":\"EntryPoint\",\"urlTemplate\":\"https:\/\/clemencearesu.com\/photographie\/?s={search_term_string}\"},\"query-input\":{\"@type\":\"PropertyValueSpecification\",\"valueRequired\":true,\"valueName\":\"search_term_string\"}}],\"inLanguage\":\"fr-FR\"},{\"@type\":\"Organization\",\"@id\":\"https:\/\/clemencearesu.com\/photographie\/#organization\",\"name\":\"Cl\u00e9mence Aresu Photographie\",\"url\":\"https:\/\/clemencearesu.com\/photographie\/\",\"logo\":{\"@type\":\"ImageObject\",\"inLanguage\":\"fr-FR\",\"@id\":\"https:\/\/clemencearesu.com\/photographie\/#\/schema\/logo\/image\/\",\"url\":\"https:\/\/clemencearesu.com\/photographie\/wp-content\/uploads\/2020\/10\/logo.jpg\",\"contentUrl\":\"https:\/\/clemencearesu.com\/photographie\/wp-content\/uploads\/2020\/10\/logo.jpg\",\"width\":484,\"height\":166,\"caption\":\"Cl\u00e9mence Aresu Photographie\"},\"image\":{\"@id\":\"https:\/\/clemencearesu.com\/photographie\/#\/schema\/logo\/image\/\"},\"sameAs\":[\"https:\/\/www.facebook.com\/clemencearesu.photographe\/\",\"https:\/\/www.instagram.com\/clemencearesu_photographie\/\"]}]}<\/script>\n<!-- \/ Yoast SEO plugin. -->","yoast_head_json":{"title":"Contact - Cl\u00e9mence Aresu photographe","robots":{"index":"noindex","follow":"follow"},"og_locale":"fr_FR","og_type":"article","og_title":"Contact - Cl\u00e9mence Aresu photographe","og_url":"https:\/\/clemencearesu.com\/photographie\/contact\/","og_site_name":"Cl\u00e9mence Aresu photographe","article_publisher":"https:\/\/www.facebook.com\/clemencearesu.photographe\/","article_modified_time":"2021-05-03T08:03:41+00:00","twitter_card":"summary_large_image","twitter_misc":{"Dur\u00e9e de lecture estim\u00e9e":"11 minutes"},"schema":{"@context":"https:\/\/schema.org","@graph":[{"@type":"WebPage","@id":"https:\/\/clemencearesu.com\/photographie\/contact\/","url":"https:\/\/clemencearesu.com\/photographie\/contact\/","name":"Contact - Cl\u00e9mence Aresu photographe","isPartOf":{"@id":"https:\/\/clemencearesu.com\/photographie\/#website"},"datePublished":"2020-10-03T09:17:41+00:00","dateModified":"2021-05-03T08:03:41+00:00","breadcrumb":{"@id":"https:\/\/clemencearesu.com\/photographie\/contact\/#breadcrumb"},"inLanguage":"fr-FR","potentialAction":[{"@type":"ReadAction","target":["https:\/\/clemencearesu.com\/photographie\/contact\/"]}]},{"@type":"BreadcrumbList","@id":"https:\/\/clemencearesu.com\/photographie\/contact\/#breadcrumb","itemListElement":[{"@type":"ListItem","position":1,"name":"Accueil","item":"https:\/\/clemencearesu.com\/photographie\/"},{"@type":"ListItem","position":2,"name":"Contact"}]},{"@type":"WebSite","@id":"https:\/\/clemencearesu.com\/photographie\/#website","url":"https:\/\/clemencearesu.com\/photographie\/","name":"Cl\u00e9mence Aresu photographe","description":"","publisher":{"@id":"https:\/\/clemencearesu.com\/photographie\/#organization"},"potentialAction":[{"@type":"SearchAction","target":{"@type":"EntryPoint","urlTemplate":"https:\/\/clemencearesu.com\/photographie\/?s={search_term_string}"},"query-input":{"@type":"PropertyValueSpecification","valueRequired":true,"valueName":"search_term_string"}}],"inLanguage":"fr-FR"},{"@type":"Organization","@id":"https:\/\/clemencearesu.com\/photographie\/#organization","name":"Cl\u00e9mence Aresu Photographie","url":"https:\/\/clemencearesu.com\/photographie\/","logo":{"@type":"ImageObject","inLanguage":"fr-FR","@id":"https:\/\/clemencearesu.com\/photographie\/#\/schema\/logo\/image\/","url":"https:\/\/clemencearesu.com\/photographie\/wp-content\/uploads\/2020\/10\/logo.jpg","contentUrl":"https:\/\/clemencearesu.com\/photographie\/wp-content\/uploads\/2020\/10\/logo.jpg","width":484,"height":166,"caption":"Cl\u00e9mence Aresu Photographie"},"image":{"@id":"https:\/\/clemencearesu.com\/photographie\/#\/schema\/logo\/image\/"},"sameAs":["https:\/\/www.facebook.com\/clemencearesu.photographe\/","https:\/\/www.instagram.com\/clemencearesu_photographie\/"]}]}},"_links":{"self":[{"href":"https:\/\/clemencearesu.com\/photographie\/wp-json\/wp\/v2\/pages\/78","targetHints":{"allow":["GET"]}}],"collection":[{"href":"https:\/\/clemencearesu.com\/photographie\/wp-json\/wp\/v2\/pages"}],"about":[{"href":"https:\/\/clemencearesu.com\/photographie\/wp-json\/wp\/v2\/types\/page"}],"author":[{"embeddable":true,"href":"https:\/\/clemencearesu.com\/photographie\/wp-json\/wp\/v2\/users\/1"}],"replies":[{"embeddable":true,"href":"https:\/\/clemencearesu.com\/photographie\/wp-json\/wp\/v2\/comments?post=78"}],"version-history":[{"count":19,"href":"https:\/\/clemencearesu.com\/photographie\/wp-json\/wp\/v2\/pages\/78\/revisions"}],"predecessor-version":[{"id":551,"href":"https:\/\/clemencearesu.com\/photographie\/wp-json\/wp\/v2\/pages\/78\/revisions\/551"}],"wp:attachment":[{"href":"https:\/\/clemencearesu.com\/photographie\/wp-json\/wp\/v2\/media?parent=78"}],"curies":[{"name":"wp","href":"https:\/\/api.w.org\/{rel}","templated":true}]}}